+ 3, -4*d + 1 = d + 3*y. Let i = 2 + d. What is the greatest common factor of i and 36?
4
Let w be 2754*(-6 - 143/(-22)). Calculate the greatest common divisor of w and 34.
17
Let q be -9 + 17/(204/504). What is the greatest common factor of q and 27?
3
Let k = 123 + -119. Suppose 2*j = k*j - 4*q - 38, 44 = 2*j + 2*q. What is the greatest common divisor of j and 105?
21
Let o(h) = 5*h**3 - 5*h**2 + 4*h. Let v be o(1). Calculate the greatest common divisor of v and 164.
4
Suppose 0 = 4*u - 4*c - 32 + 8, u = -4*c + 11. Suppose 3*a - 8 - u = 0, -4*a = 4*n - 60. Calculate the highest common divisor of n and 20.
10
Suppose -33*a + 34*a - 6 = 0. Let k = 28 + 0. Suppose -5*o + 74 = -0*o + 4*r, 2*r = -2*o + k. Calculate the highest common divisor of o and a.
6
Suppose 0 = -x - x + 6. Suppose -4*z = -x*g - 3*z + 404, 5*z - 374 = -3*g. Suppose 3*m = 266 + g. What is the highest common factor of m and 19?
19
Suppose 378*l - 371*l - 3822 = 0. Calculate the highest common factor of 312 and l.
78
Let y be (3/(-6))/((4/(-136))/1). Let f = -946 + 1355. Suppose -4*n = -4*g - 328, -g - f = -4*n - 72. Calculate the greatest common divisor of y and n.
17
Let m(z) = 5*z + 34. Let i be m(-5). Calculate the greatest common factor of i and 99.
9
Suppose -3*d - 58 = 5*b - 914, -b - d + 172 = 0. What is the greatest common factor of b and 120?
10
Suppose -11*n + 7*n - 5*f - 9 = 0, -18 = -2*n + 2*f. What is the greatest common divisor of n and 7?
1
Let k(v) = -v**3 - 31*v**2 + 265*v - 20. Let y be k(-38). What is the highest common factor of 168 and y?
6
Let k be (-1)/3 + 4979/(-39). Let r = -104 - k. What is the highest common factor of 48 and r?
24
Let j(q) = q**3 + 8*q**2 + 15*q + 14. Let p be j(-6). Let v(a) = 2*a**2 - 2*a - 4. Let w be v(p). What is the highest common divisor of w and 54?
18
Let i = 26 - 16. Let r be ((-532)/16)/(-19) + 2/8. Suppose 2*u + t = 83, r*u - 3*t - 191 = -3*u. Calculate the greatest common divisor of u and i.
10
Let u(j) = -j + 2. Let s be u(18). Let c be (-1700)/s + 45/(-36). Let f be (-1 - 1)/(2/(-21)). What is the greatest common divisor of c and f?
21
Let j(r) = -r**2 + 11*r + 5. Let c be j(5). Suppose 3*m - c = 13. Suppose 0 = 4*o - 338 - 366. What is the greatest common divisor of o and m?
16
Suppose 0 = -39*f + 37*f + 28. Calculate the highest common factor of f and 574.
14
Let t(u) = -2*u - 18. Let m be t(-10). Suppose -m*z + 1 = -25. What is the highest common divisor of z and 91?
13
Suppose 0 = 11*l - 456 + 247. Calculate the highest common factor of 2641 and l.
19
Let p(g) = 15*g - 10. Let l be p(5). Let b = 80 - l. What is the greatest common factor of 120 and b?
15
Let r(u) = 4*u + 176. Let f be r(-24). What is the greatest common factor of f and 5?
5
Let u be 4/(-5)*(-100)/(-1 - -11). Calculate the highest common divisor of u and 548.
4
Suppose b - 1725 = -5*c, 2*b + 2*c + 1690 = 3*b. What is the greatest common factor of b and 68?
68
Suppose f + 2 - 8 = 0. Suppose 2*r - 3*s = 15, -2*s = 3*r - f*s - 22. Let p be r/4*256/24. What is the highest common divisor of p and 16?
16
Suppose 0 = -2*m, 5*c = -5*m + 376 + 64. Calculate the greatest common divisor of 220 and c.
44
Let y be (0 - (0 - -1))*0. Suppose y = 5*j - 6*j + 50. Suppose 19 = -0*r + r - t, 4*r = 5*t + 75. What is the greatest common factor of j and r?
10
Suppose 3*v + 202 + 551 = 5*l, 0 = 5*l - 4*v - 749. Calculate the greatest common factor of 9 and l.
9
Suppose 3*l - 2*y + 3*y = 4, 5*l + y = 4. Suppose -u + 59 + 35 = l. Let z = u - 54. Calculate the highest common factor of 16 and z.
8
Let g be 4*(20/(-8) + 3). Let d(q) = -q**2 - 2*q + 1 + 0*q**2 + 2*q**g - 4. Let y be d(-2). What is the greatest common factor of y and 35?
5
Let b(q) = 87*q - 115. Let l be b(5). What is the highest common factor of 40 and l?
40
Suppose 4*w + 2 = -4*x - 2, 5 = w - x. Suppose -w*n = -n - 42. Calculate the greatest common divisor of n and 6.
6
Let c(v) = 2*v**3 - 3*v + 3. Let u be c(2). What is the highest common factor of u and 39?
13
Suppose -f = -2*r + 125, 3*f - 41 - 18 = -r. Let z be 18/(-54) + r/6. What is the highest common factor of 90 and z?
10
Let m be 15*(1 + -3*23/(-15)). What is the highest common factor of m and 162?
6
Let r be (((-3)/(-2))/1)/((-11)/(-1254)). Calculate the greatest common factor of 27 and r.
9
Let a = 19 + -5. Suppose a = 6*n - 34. Let y be 286 + (n/(-4) - -4). Calculate the greatest common factor of 32 and y.
32
Let f be (-1 - -2)*37 - (45 + -44). Calculate the greatest common factor of 18 and f.
18
Let p = 86 + -38. Suppose 3*l - p = 2*o, -5*l + 4*o + 40 + 40 = 0. What is the highest common factor of l and 64?
16
Let s(u) = -u**2 - 14*u - 13. Suppose -5*a - 15 = 10. Let h be s(a). Calculate the greatest common factor of h and 64.
32
Let j = 1063 - 123. Calculate the greatest common factor of 40 and j.
20
Let v = 104 + -92. Let g be ((-8)/(64/v))/(3/(-64)). What is the highest common factor of g and 352?
32
Suppose -4*z + 8*z = -5*k + 2324, -5*k = z - 2336. What is the greatest common factor of k and 117?
117
Suppose 23*m = 19*m + 192. Suppose -28 = -4*o + t, 5*t - 1 - 3 = -4*o. Calculate the highest common factor of o and m.
6
Suppose -2*n + 20 = -7*n, 2*p - 4*n = 176. What is the greatest common factor of p and 5?
5
Let g(x) = 2*x**2 - 5*x + 10. Let j be g(-7). Suppose 5*l - 2*l - 180 = 0. Let v = l - 47. What is the highest common divisor of j and v?
13
Let t(r) = 5*r - 30. Let i be t(6). Suppose i = 8*o - 6*o - 98. What is the greatest common divisor of 7 and o?
7
Suppose 4*o - 5*z - 1 = -9, 5*o = -z + 19. Suppose 0 = 5*r - 15, -o*r - 2*r - 45 = -k. What is the highest common divisor of k and 90?
30
Suppose 0*i + 15 = 2*i - 3*v, 2*i + 4*v = -6. Suppose 14*t = i*t + 66. What is the highest common divisor of t and 18?
6
Suppose -3*a = -a + 2. Let w be a/6*-3*(1 - -1). Calculate the highest common factor of w and 9.
1
Suppose 3720 = -4*q + 17832. Calculate the greatest common divisor of q and 36.
36
Let p be (2 - -2)*(-5)/(-4). Let b be p/3 - (-1)/3. Suppose b*r - 2 = 2. Calculate the greatest common factor of r and 2.
2
Let j(g) = 5*g**2 - 12*g - 32. Let r be j(-3). Calculate the highest common divisor of r and 28.
7
Let n be -1*2/(-3 + 1). Let i be -8*(-1)/2*n. Suppose -4*h + 28 = 2*w + h, -i = 3*w - 4*h. What is the greatest common factor of 6 and w?
2
Let b = -2943 - -6326. Calculate the greatest common factor of b and 17.
17
Let j = -1331 + 1387. Let k = 19 - 50. Let l = k + j. What is the highest common divisor of l and 10?
5
Let p(z) = -3*z + 2. Let s be p(-2). Let q be 212/3 + (-7)/(126/(-24)). Calculate the greatest common divisor of q and s.
8
Suppose 62 + 51 = 3*t - 5*l, 4*t - l = 179. What is the greatest common factor of t and 207?
23
Let p = -11 + 5. Let h be (4/p)/((-4)/18). Let t = -88 - -112. What is the greatest common divisor of h and t?
3
Suppose 0 = -6*r + r + 80. Let q be -236 + (2 + -1)*-1. Let a = 381 + q. Calculate the highest common factor of r and a.
16
Suppose 10*v - 3*w = 8*v + 159, -w = -2*v + 149. Calculate the highest common factor of 9 and v.
9
Suppose -11*c - 6*c = -646. Let j = 71 - c. Suppose 6 = -0*g + 4*g - 2*p, 0 = -g + p. What is the highest common divisor of g and j?
3
Let d = -12 - -62. Calculate the highest common divisor of 225 and d.
25
Suppose w + 245 = 3*w + 5*h, 0 = -5*h + 5. What is the greatest common factor of 72 and w?
24
Let t be (4/(-8) - -2)*6. Let c be 15*(1 + t/(-15)). Suppose -4*z + c*z = 88. What is the greatest common factor of 22 and z?
22
Let x be -2 + (-302)/(-18) - (-32)/144. Let i = 13 + -1. What is the highest common factor of x and i?
3
Let m(r) = 4*r - 37. Suppose 0 = -3*x + 6*x - 48. Let y be m(x). What is the highest common factor of y and 189?
27
Let b = 10 - 14. Let c be (-1)/b - (-1)/(-4)*-447. Calculate the greatest common factor of c and 14.
14
Let c(x) = x**2 - 7*x + 16. Let h be c(4). Suppose -20*w + h = -18*w. Calculate the greatest common divisor of 10 and w.
2
Let h be 5 + (2 + 2)/(-2). Suppose -4*t + h*j + 236 = 0, 5*t - j - 171 = 113. Calculate the greatest common divisor of t and 28.
28
Suppose -21*g + 13*g + 312 = 0. What is the greatest common divisor of 91 and g?
13
Let y = 196 + -189. Calculate the greatest common divisor of 98 and y.
7
Suppose -k + 3 + 8 = -4